-85. Suppose 3*b - 7 = q. What is the units digit of b?
8
Let w(c) = c - 2. Let u be w(7). Let v(k) = 4 + 2*k + 0*k - 4*k + 3*k. What is the units digit of v(u)?
9
Let h = -17 - -10. Let v = h - -46. What is the units digit of v?
9
Let j(u) = -u**2 + 3*u + 3. Let g(r) = -r**3 - 7*r**2 - 7*r - 3. Let q be g(-6). What is the units digit of j(q)?
3
Let h(q) = 15*q**2 - 7*q + 6. What is the hundreds digit of h(5)?
3
Suppose 5*v - 12 - 3 = 0. Suppose v*n - n = -c + 10, -19 = -n + 3*c. What is the units digit of n?
7
Suppose -6*i - 45 = -525. What is the tens digit of i?
8
Suppose 3*y - 12 = -0*y. Let x be ((-1)/(-1 + 2))/1. What is the units digit of 1*y + 1 + x?
4
Let l = 39 - -79. What is the hundreds digit of l?
1
Suppose 2*s = 8, 7 = -n - 2*n + 4*s. Let x(b) = 3*b**2 + 2*b + 3. What is the units digit of x(n)?
6
Let k(u) = u**2 + 6*u - 8. Let q be k(-7). Let p be (0 - q)/(2/(-2)). What is the units digit of 2 + p + 4 + -2?
3
Let r be (0 - -5)*32/40. Let j = r - 2. What is the units digit of (j/6)/(7/84)?
4
Let g(m) = -m**2 - 12*m + 7. What is the units digit of g(-9)?
4
Let b(i) = -i**2 + 6*i + 1. What is the units digit of b(6)?
1
Let l(s) = -7*s + 2. Let v be l(-4). Let d be 2/3*(4 + -1). Suppose -2*j - 28 = -3*q, 4*q + d*j - j = v. What is the units digit of q?
8
Let m be 1/(-1) - (8 - 12). Suppose -r + 2*w + 36 = -w, 5*w - 108 = -m*r. What is the units digit of r?
6
Suppose 3*j - 16 = -7. Let c(o) = 4*o**2 + 4*o + 0*o**2 + o**j + 3 + 2*o**2. What is the units digit of c(-5)?
8
Let g(n) = -6*n**2 - 11*n - 4. Let i(y) = -5*y**2 - 10*y - 3. Let a(v) = -6*g(v) + 7*i(v). What is the units digit of a(4)?
3
What is the units digit of 7*(86/8 + 2/8)?
7
What is the tens digit of (34/(-6))/(2/(-18))?
5
Suppose 5*m = 2*j - 67, 34 = -2*m - 4*j + 12. Let r = m + 40. What is the units digit of -2 + 3 - r/(-3)?
0
Let a = -2 - -38. What is the tens digit of a?
3
Let a = -8 - -13. Suppose a*b - 36 = -1. What is the units digit of b?
7
What is the hundreds digit of (-1 - 1 - -2)/(-2) + 280?
2
Let b(m) = -m**3 - 4*m**2 + 1. Let r be b(-4). Let h = 5 + r. Suppose -66 = -5*a - j, -a + 2*j = -5 - h. What is the tens digit of a?
1
Let f(j) = 9*j**2 + 10*j - 3. Let m(l) = 5*l**2 + 5*l - 1. Let d(r) = 4*f(r) - 7*m(r). What is the tens digit of d(-9)?
3
Suppose -a - 3*s + 4 - 1 = 0, -a + 13 = -2*s. Let j = -26 + a. Let u = j - -30. What is the units digit of u?
3
Suppose -4*w = -3*s - 204, -2*s = 5*w + 2*s - 255. What is the units digit of w?
1
Suppose -5*c + 11 = -9. Let m be 2 + 0 + (-4 - -2). Suppose -g = -q + 6 - m, -3*q - c*g = 3. What is the units digit of q?
3
Suppose -i + r - 3 = 0, 1 + 2 = r. Suppose i = 4*l + l - 10. Let b = 4 - l. What is the units digit of b?
2
Let u = -382 - -806. Suppose 0 = -0*j - 8*j + u. What is the units digit of j?
3
Let i(k) = 3*k**3 - 4*k**3 + 3*k**3 + 2 - 7*k**2 - k**3 + 6*k. What is the units digit of i(6)?
2
Let v(r) = -6*r**3 + r**2 - 1. What is the units digit of v(-1)?
6
Suppose -11*t - 444 = -15*t. What is the hundreds digit of t?
1
Suppose 0 = -15*a + 10*a + 90. What is the units digit of a?
8
Suppose -4*b = 4*x - 160, -4*b + 47 + 25 = 2*x. What is the tens digit of x?
4
Let d = 33 + -21. What is the tens digit of d?
1
Let u(j) = 5*j**2 + 2*j - 20. What is the tens digit of u(5)?
1
Suppose 0 = -w - 0 - 3. Let m = w - -8. Suppose 0 = m*d + 4 + 6, 3*c - 4*d = 32. What is the units digit of c?
8
Let b(u) = 10 - 6 + 0*u - u + 2*u. What is the units digit of b(0)?
4
Suppose 0 = 3*j - 0*j - 12, j = 2*k - 568. What is the hundreds digit of k?
2
Let a(c) = -c**2 - 10*c - 7. Let r be a(-8). Suppose 4*g - 1 = -r. Let p = g - -3. What is the units digit of p?
1
Let j(v) = v + 5. Let g be j(0). Suppose -u + 5*y - 20 = -5*u, 3*u = g*y + 50. What is the tens digit of u?
1
Suppose -21 = -2*q + 29. What is the tens digit of q?
2
Let m be (-4)/(-3*(-4)/(-18)). Let x = 20 - m. What is the tens digit of x?
1
Let q be (-99)/6*4/3. Let d = -7 - q. Suppose 2*x = 7*x - d. What is the units digit of x?
3
Suppose -3*r + 18 + 3 = 3*b, 0 = 2*b - 8. Let n be (-12)/7*(-14)/4. Suppose n*a + 5*m - 10 = a, -3*a - 4*m = -r. What is the units digit of a?
5
Let m(u) = 27*u - 1. What is the tens digit of m(1)?
2
Let u be (1 - (-1 + 4)) + 0. Let w = 19 + u. What is the tens digit of w?
1
What is the tens digit of 0 + (36 - -3) + -1?
3
Let b = -88 + 145. What is the tens digit of b?
5
Let f(v) = -v**3 + 6*v**2 - 5*v + 1. Let a be f(5). Let o be 1 - (a/(-1) + 2). Suppose -5*w + 13 + 12 = o. What is the units digit of w?
5
Let q(h) = 6*h - 14. What is the units digit of q(13)?
4
Let t be (-200)/12 - (-2)/3. Let w be (-1)/((-4)/(1*-8)). Let l = w - t. What is the units digit of l?
4
Let u(t) = -t + 15. Let f be u(7). Suppose -3*r + 7 = -f. What is the units digit of r?
5
Let x be (39/(-12) + 3)*-20. Suppose 4*q + x*l - 149 = 0, -l - 33 = -q + 2. What is the tens digit of q?
3
Let x = -47 + 141. Suppose x = -0*r + 4*r + 2*v, -2*v + 117 = 5*r. What is the tens digit of r?
2
Suppose -3*o = -2*v + 63, -3*v + 2*o + 150 = 58. What is the tens digit of (-264)/v*10/(-4)?
2
What is the units digit of (6/(-9))/((10/27)/(-5))?
9
Let n be (-18)/(-12)*(-8)/(-3). Suppose -n*u + 33 = 13. What is the units digit of u?
5
Let v = 12 + 0. Let x be (-235)/(-25) + (-2)/5. Suppose x = t - v. What is the units digit of t?
1
Suppose 3*b = -2*b - 235. What is the units digit of (-2)/5 - b/5?
9
Let q = -8 - -13. Suppose 4*i - 3*i = q*z - 144, 5*i - 64 = -3*z. Suppose z = 5*f - f. What is the units digit of f?
7
Suppose 46 = 10*r - 8*r. What is the units digit of r?
3
Let x = 3 + 0. Suppose 0*m - 5*m - x*w = 5, 0 = -m - 4*w - 18. Suppose m*a - 4 = 6. What is the units digit of a?
5
Let k be (-1 + -1)/((-4)/78). Suppose d - k = -2*v - 2*d, 3*d + 51 = 4*v. What is the tens digit of v?
1
Let k(g) = g**3 + 7*g**2 - 7*g - 10. Let s be k(-8). Let w be (-4)/(-10) - s/5. Suppose 5*d = -5*j + 25, d - w*j - 10 = 10. What is the units digit of d?
8
Suppose 0 = -2*x - 3*x + 35. Let r = x + -5. What is the units digit of -2 + 5 + -3 + r?
2
Let w(t) = -t**3 - 4*t**2 - 5*t - 4. Let k = 1 + 2. Let x = k - 6. What is the units digit of w(x)?
2
Let u(t) = -t**3 + 4*t**2 + 2*t + 2. What is the units digit of u(4)?
0
Suppose -4*l + 390 = -2*l. What is the hundreds digit of l?
1
Let z = -6 + 7. Suppose -z + 15 = -2*c. Let m(h) = -h**3 - 8*h**2 - 9*h + 6. What is the tens digit of m(c)?
2
Let p(c) be the second derivative of c**4/6 - 5*c**3/6 + 3*c**2/2 - c. What is the tens digit of p(4)?
1
Let t = -12 - -20. Suppose 58 - t = 5*c. What is the units digit of c?
0
Let v(h) = -h**3 + 4*h**2 + 4*h - 6. Suppose 0 = 4*i - 11 - 5. What is the tens digit of v(i)?
1
Let x = 7 - 3. Suppose -x*o - 4 = -5*k, 4*k + 5*o = -0*o + 36. What is the units digit of k?
4
Let u = 6 + -26. What is the units digit of 8/u + (-28)/(-20)?
1
Let y = 1 + 14. What is the units digit of 9/y - (-54)/10?
6
What is the units digit of (3 - 5)*132/(-8)?
3
Suppose -z - 2*j + 11 = 0, -4*z + j = -0*z - 89. What is the tens digit of z?
2
Let d = 24 - -58. What is the units digit of d?
2
Let n(b) = 2*b**3 - 1. Let d be n(1). What is the units digit of (-166)/(-8) + d/4?
1
Let z = 3 + -6. What is the tens digit of (-46)/z*(-24)/(-16)?
2
Let m = -38 - -53. What is the tens digit of ((-168)/(-20))/(6/m)?
2
Let u(c) be the second derivative of 3*c**4/2 + c**3/6 + c**2/2 - 6*c. What is the units digit of u(-1)?
8
Let g(q) = 9*q + 4. What is the units digit of g(2)?
2
Suppose -z - 3*l = -1, z - 5*z = 5*l + 3. Let y be 3/(-12) + z/(-8). Suppose -3*g + 0*g + 18 = y. What is the units digit of g?
6
Let z(y) = -y**3 - 9*y**2 - 8*y - 1. Let o be z(-8). Let b = o + 7. Let d(n) = n**2 - 4*n - 7. What is the units digit of d(b)?
5
Suppose -j = -3*x - 0*x - 215, 0 = -j - 5*x + 199. Suppose 5*r + 4*k = j, -4*r - 83 = -6*r - k. Let l = r + -22. What is the tens digit of l?
1
Let z(a) = -2*a**2 - 2*a - 2. Let x(t) = t**3 - 2*t**2 - 2*t + 2. Let l be x(2). Let s be z(l). What is the units digit of (-2)/s - (-40)/6?
7
Let r(f) = f**2 - 20*f - 17. What is the units digit of r(21)?
4
Let s be (-155)/(-15) + (-2)/6. Suppose -2*n - 2 + s = 0. What is the units digit of n?
4
Suppose 0*k = -5*p + 2*k + 85, 68 = 4*p - 2*k. Let n = 19 + -11. Let s = p - n. What is the un